lse
Let m(a) = 604*a**3 + 7*a**2 - 13*a + 191. Is m(9) a prime number?
False
Let j be 1 + 16/(-10) - (-16)/10. Let o(z) = -409*z**2 - z. Let d(x) = 410*x**2 + x. Let g(h) = -3*d(h) - 4*o(h). Is g(j) prime?
False
Let q(r) = -r**3 + 13*r**2 + 3*r - 37. Let s be q(13). Suppose -3078 = -s*m + 4*k, -k + 1356 = 3*m - 3275. Is m a composite number?
False
Let k(u) = 116*u**2 - 741*u - 88. Is k(29) a prime number?
True
Let g = -3110161 - -7392290. Is g a prime number?
True
Suppose -2*c - 6 = -i, 3*c - 4*i - i = -23. Let f be (22/(-2)*1)/(c/1). Let w(v) = 4*v**2 + 10*v - 7. Is w(f) a prime number?
True
Let s be (-1)/((3 - (2 + 0))/(-2)). Let n be ((-200)/12)/(-5) + s/(-6). Suppose -n*u = -5*u + 1166. Is u composite?
True
Let l = -8678 - -160129. Is l composite?
False
Suppose -6*i + 0*i = 5*y - 3*i - 116635, 0 = 2*i. Is y prime?
True
Is 839256 + 3/(16/((-800)/(-30))) a composite number?
False
Let u(c) = 1197*c**3 + 18*c**2 - 40*c - 45. Is u(8) composite?
False
Suppose 37*t = 17*t + 41030140. Is t a composite number?
False
Let v(d) = 1216*d - 47. Let y = -191 - -196. Is v(y) a composite number?
True
Suppose -3*t + 9 = 0, -4*i - 2*t = -9 - 1. Let l(y) = -2*y + y + 2*y - 2 + 952*y**3. Is l(i) a prime number?
False
Let p = 51859 + 196958. Is p prime?
False
Let q = -30145 + 44520. Suppose 0 = -12*k + q + 949. Is k a prime number?
True
Let p(m) = -6*m**2 - 12*m + 7. Let g(n) = -n**2 + n - 1. Let z(y) = -2*g(y) - p(y). Let t(v) = 51*v + 58. Let a be t(-1). Is z(a) composite?
False
Suppose 4*r - 8107 = -2*m + 5*r, 0 = -4*m - 3*r + 16209. Let v = -1969 - -1969. Suppose 12*g - 15591 - m = v. Is g a prime number?
True
Let m = 130 - 114. Suppose m*o - 3506 = 14*o. Is o prime?
True
Let g = -5 + 5. Let b(z) = 65*z + 7 + g + 9 - 82*z. Is b(-17) composite?
True
Suppose -3*b + 142076 = 5*q, -q - 22*b + 23*b = -28412. Is q prime?
False
Suppose 53*z = 1120832 + 304130 + 1184599. Is z composite?
True
Is (-9)/3*(-4 + (-4310531)/87) a prime number?
False
Let p(k) = 63*k**3 + 3*k**2 - 16*k + 2. Let c be p(4). Let o be (0 + 1)/((-4)/9444). Let g = c + o. Is g a prime number?
True
Suppose 0 = -8*h + 13*h - 5*r - 377990, 226794 = 3*h + 2*r. Is h composite?
True
Suppose 32*p - 22*p + 98821 = 27*p. Is p a composite number?
False
Let s = 3 - 3. Suppose -b + 2374 = 2*c, -2*b + s*b - 5*c = -4744. Let h = -875 + b. Is h prime?
False
Let w be (12 + 0 + 0)*5969/94. Suppose -12*s = -2502 + w. Is s prime?
False
Let k(f) be the first derivative of -7*f**2/2 - 25*f - 665. Suppose -28 = 2*z + j - 2*j, 5*z = 2*j - 72. Is k(z) prime?
False
Let n(x) be the second derivative of 11*x**8/6720 + x**7/630 - x**6/240 + x**5/120 - 4*x**4/3 + 21*x. Let m(o) be the third derivative of n(o). Is m(4) prime?
True
Suppose -124 = 6*b + 110. Let p = -37 - b. Suppose 5*f - 3*f = -2*x + 3312, 5*x + p*f - 8283 = 0. Is x prime?
True
Suppose 3*v - 2*t - 315486 = 364499, 0 = 5*v + 2*t - 1133287. Is v a composite number?
True
Suppose 0 = 4*n + 16, 4*m + 14*n - 14716 = 10*n. Is m a prime number?
False
Suppose 3*b + 0*b - 6 = 0. Suppose 3*w = b*u - 115, 3*u - u + 3*w = 133. Suppose -u - 55 = -3*x. Is x a composite number?
True
Let q(v) = -v**3 + 11*v**2 + 6*v - 5. Let a = 23 - 23. Suppose -2*p - 2*p - 32 = a. Is q(p) prime?
True
Let s = -163 + 188. Suppose 19*r - s*r = -5034. Is r a composite number?
False
Let y(t) = -16*t + 148. Let a be y(10). Is 2/(a/(-267714)) - 4 prime?
False
Let x = 78488 - 36711. Is x prime?
True
Is 15889*(6 + -8)*-1*(-1)/(-2) a composite number?
False
Suppose 5*m - 421021 + 16216 = -5*i, -3*i = -m - 242891. Is i composite?
False
Suppose 4*h - 8 = -4*h. Suppose -2*l + p - 16 = 5*p, p = -3*l + h. Suppose 0 = 2*k + z - 1052, 0 = -7*k + l*k - 3*z + 2629. Is k prime?
False
Let q(t) = 4*t**3 + 6*t + 5*t - 17*t + t**2 + 3*t**2. Let a be q(3). Let v = a - -661. Is v a prime number?
True
Suppose 8*t - 3878536 = 4*t - 3*y, y = -2*t + 1939270. Is t composite?
False
Let f(m) be the third derivative of -m**6/30 - m**5/6 - 17*m**4/24 - 19*m**3/3 - 37*m**2 + 1. Is f(-9) prime?
True
Suppose -t + 47174 = -4*q + 198007, 3*q - 2*t = 113126. Suppose -13*k = -17*k + q. Is k a prime number?
False
Let q = 37084 - 25330. Let d = 21403 - q. Is d composite?
False
Let x(s) = -20*s + 1. Let b(v) = -v**3 + 17*v**2 + 20*v - 37. Let o be b(18). Let t be x(o). Is -4 + -3 + 46*t a prime number?
False
Let h = -113 + 123. Is (-6)/30 - (-14592)/h a composite number?
False
Suppose -2*p + 92801 = -5*z, 131 - 103 = -4*z. Is p prime?
False
Let l(z) = z**3 + 3*z**2 + 23*z - 8. Let j(s) = -3*s**3 - 6*s**2 - 46*s + 16. Let n(x) = -2*j(x) - 5*l(x). Let c = -688 + 697. Is n(c) a composite number?
True
Let a(h) = -171*h + 0 - 12 + 102*h - 5. Is a(-4) composite?
True
Suppose 2*o - h + 2082 = 0, 4*o + 3*h + 4006 + 168 = 0. Let a = 1717 + o. Suppose -1999 = -4*m - a. Is m a composite number?
False
Suppose 2*m - 2*t + 263 = -5*t, -6 = 2*t. Let c = 817 + m. Let v = 1189 - c. Is v a composite number?
False
Let d(r) = -599*r**3 + 3*r**2 - 2. Let c be d(-3). Let y = c + -6455. Is y composite?
False
Let b(p) = 45*p**2 - p + 11. Let m be (-4)/24 - 159/18. Is b(m) a prime number?
False
Suppose 12*b - 133105 = -5*s + 37419, -s + 14215 = b. Is b a composite number?
False
Let l(n) = 3343*n + 667. Is l(4) prime?
False
Let u(x) = -3625*x + 1333. Is u(-54) a composite number?
False
Suppose -3*l = 2*o - 225116, o - 14354 - 98205 = -2*l. Is o a prime number?
False
Suppose 4*n + 0*d = -4*d + 296872, -n = 5*d - 74214. Is n a composite number?
False
Let w = 190 - 187. Suppose 0 = 5*s + 2*b - 15987, 5*s + w*b - 13678 - 2310 = 0. Is s a composite number?
True
Let f(u) = 52*u + 267. Suppose -3*b + 6*g - 4*g = -76, 4*b - 105 = -g. Is f(b) composite?
False
Let j be ((-21540)/(-7))/(-3 + (-260)/(-84)). Suppose 21*x = 3*x + j. Is x a composite number?
True
Let u(w) = -1620*w + 12. Let i be u(-5). Suppose 5*o - 113 = i. Suppose 26*n - 21*n = o. Is n prime?
False
Let w(a) be the third derivative of -4*a**5/5 + 17*a**4/24 - 19*a**3/2 + 31*a**2. Let q be w(9). Is (2 + q)/(-6 + 4) a prime number?
False
Let h(r) = r**2 + 12*r - 26. Let t be h(-14). Suppose 0 = -8*i + t*i - 5106. Let n = i + 3694. Is n a prime number?
True
Let o(v) = 6*v - 62. Let s be o(10). Is (-9699)/s*58/87 composite?
True
Let r = 478 + 5450. Suppose -5*f + 4*t = -9289, 3*f = -t + r - 358. Is f a prime number?
False
Let o(b) = b**3 - 4*b**2 + 10*b + 4. Let a(k) = -k**2 + 3*k - 15. Let y be a(7). Let i = y + 50. Is o(i) prime?
False
Suppose 0 = -k - 3, -4*k - 1 = 2*s + 5. Suppose -3*m + 0*z = s*z - 54, 46 = 3*m + z. Suppose 8*w + 6018 = m*w. Is w a composite number?
True
Suppose -3*y + 5*m + 16231 = 0, -3*m + 26426 - 10211 = 3*y. Is y composite?
False
Suppose 7*q + 20 = 2*q, -5*p - 7*q = -279337. Is p prime?
False
Suppose 117678 - 310772 = -104*w + 632354. Is w a prime number?
True
Suppose -o = -0*o + 10. Let f be (5/o)/((-1)/(-6)). Is f/9 - 6112/(-12) a composite number?
False
Let c(l) = -8*l**3 + 224*l**2 - 4*l - 232*l**2 - 16*l + 17. Is c(-9) composite?
False
Suppose 0 = -60*i + 4479985 + 8162555. Is i a composite number?
False
Let p be 3/(-6)*-1*2. Let r be (-2 - p/(6/(-15)))*730. Suppose -2*i = -3*f + r, 2*f + 139 = 3*f - 5*i. Is f a composite number?
True
Suppose 19*q - 115 + 20 = 0. Suppose q*y = 12*y - 93667. Is y a prime number?
True
Let v(m) = 3270*m**2 + 38*m - 15. Let c(a) = -1635*a**2 - 19*a + 7. Let l(q) = -9*c(q) - 4*v(q). Is l(-2) prime?
False
Suppose -3735518 = 2596*z - 2718*z. Is z composite?
True
Let h(v) = 39312*v + 391. Is h(1) a composite number?
False
Let f(v) = 8*v - 10. Let u be f(-2). Let d(m) = -74*m + 49. Is d(u) prime?
True
Is 6*(-5)/(-5) - (8519687 - 0)/(-11) prime?
True
Suppose 0 = z - g + 1364, 3*z + 4108 = -g - 4*g. Let p be -11 - -12 - ((-1)/1 + z). Suppose w - 4*i + 144 - 461 = 0, -4*i + p = 4*w. Is w a composite number?
False
Let g(y) = 6*y**3 - 16*y**2 - 12*y - 43. Suppose -27 = -4*j + 5*v, -4*j = -27*v + 24*v - 37. Is g(j) prime?
False
Suppose -135*t + 156*t - 274953 = 0. Is t prime?
True
Let o = 42467 + -21873. Suppose -13*a + o = -11*a. Is a a prime number?
False
Let l(w) = 4*w + 426. Let h be l(0). Suppose -2*d - h = -3356. Suppose -s = v - 293, -s - d = -6*s - 2*v. Is s a composite number?
False
Let v = 25335 + -13738. Suppose -5*d + 14289 = -t - 14636, 0 = 2